e the prime factors of f?
2, 127
Let i(y) = -57*y - 16. Let b = -82 + 80. What are the prime factors of i(b)?
2, 7
Let t(v) = v**3 + 12*v**2 + 5. Let n be t(-12). Suppose -25*j = -20*j + n. List the prime factors of 15 + 2/(j*(3 + -2)).
13
Suppose -770 = -26*f + 452. Suppose f*b + 16484 = 73*b. What are the prime factors of b?
2, 317
Suppose 10*j - 6*j - 36 = 0. Suppose 2*k + 28 = j*k. List the prime factors of (-4)/8*k*(-10 - 1).
2, 11
Suppose 2*h + 1550 = 7*h. Suppose 4*c + 5*p = -492, 4*p = 5*c + 346 + h. Let l = 179 + c. What are the prime factors of l?
3, 17
Let s(g) = -2*g**3 - 20*g**2 - 20*g - 8. Let o be s(-9). Suppose 11*k - 145 = o*k. Suppose -2*d + 209 = -k. What are the prime factors of d?
3, 59
Let a(p) = -p**3 + 28*p - 25*p + 20*p**2 + 0*p**3. Let v be a(19). Suppose 2*c = 3*o - v, o - c + 58 = 198. What are the prime factors of o?
2, 3, 23
Let s = -198 - -212. Let r = 305 - s. What are the prime factors of r?
3, 97
Let y(g) = 36*g - 3. Let b be y(-3). What are the prime factors of ((-4)/(-3)*b)/(-2)?
2, 37
Let h = 459 - 466. Let l(j) = -2*j**3 - 10*j**2 + 9*j. What are the prime factors of l(h)?
7, 19
Let q(u) be the third derivative of -u**6/120 + u**5/12 + u**4/8 - u**3 + 3*u**2. Let g = -64 - -68. List the prime factors of q(g).
2, 11
Let a(c) = -2872*c**3 - 7*c**2 + 54*c + 124. List the prime factors of a(-2).
2, 5741
Let k(v) be the second derivative of v**3/6 + 493*v**2/2 + 9*v. What are the prime factors of k(0)?
17, 29
Let d(f) = -42*f - 3461. What are the prime factors of d(-89)?
277
Let m be -5*(0 - 2685/25). Let d = m - 104. What are the prime factors of d?
433
Let n(g) = g**3 + 5*g**2 - 6. Let x be n(-5). Let s = -1539 + 2181. What are the prime factors of 1*-3 - s/x?
2, 13
Let l(g) = -20324*g + 2901. What are the prime factors of l(-2)?
11, 37, 107
List the prime factors of 3415668/48 + 10 - 12/16.
3, 7, 3389
Suppose 2*d - 3051 = 3*o, 3*d + 33*o - 4569 = 30*o. Suppose 6*z - 215 = z. Suppose d = -37*p + z*p. What are the prime factors of p?
2, 127
List the prime factors of 138/(-621)*(-4)/(24/1783269).
66047
Suppose -2*i = 0, -5*l - 14 = i - 89. Suppose -l*g + 0*g = -8535. What are the prime factors of g?
569
Suppose 6*r = -5*z + 4*r - 795, 0 = -4*z + r - 649. Let x = z - -361. What are the prime factors of x?
2, 5
Let h(k) = 519*k + 391. What are the prime factors of h(7)?
2, 503
Suppose -2*q = 5*v - 7, 0 = 3*q + 5*v - v. Let i be ((-1)/q)/((-7)/(-84)). Suppose -i*p + 85 = 22. List the prime factors of p.
3, 7
Suppose -2*i - 5*g = -915, i + g - 380 = 79. What are the prime factors of (-6)/4*i/(-15)?
2, 23
Let r = -193 + 243. Suppose 46*k + 388 = r*k. List the prime factors of k.
97
Let n(q) be the second derivative of q**4/2 - q**3/3 - 23*q**2/2 - 2*q. Let x be n(-6). Suppose 0 = 10*p + 5 - x. What are the prime factors of p?
2, 5
List the prime factors of ((-1)/(-3))/((-23)/50991)*-3.
3, 739
Let x = -15487 - -29872. What are the prime factors of x?
3, 5, 7, 137
Let b(z) = 4129*z - 948. List the prime factors of b(11).
7, 6353
Suppose -5*l + 30 = -5*p, -2*l - 3*p + 9 = -4*p. Let j(z) = 29*z + 7. List the prime factors of j(l).
2, 47
List the prime factors of (6/(-15))/((-36)/(-10)) - 2195320/(-36).
3, 20327
Let w(l) = 23*l**3 - 37*l + 112. List the prime factors of w(5).
2, 3, 467
Let c be -5 + 33*(13/3 - 4). Suppose -287 = c*o - 7*o + 2*v, 0 = 5*o + 3*v - 1383. List the prime factors of o.
3, 31
Let c(g) = 2*g - 4. Let s be c(3). Let o be (-3)/(-2) - 218*6/(-8). Suppose 0 = -2*k - 3*v + o + 254, s*v = -10. What are the prime factors of k?
7, 31
Suppose 0 = -2*y + 2*r + 8, -4*y + r = -4*r - 20. Suppose y = 18*b - 14*b + 4. List the prime factors of (4/6 + b)/((-3)/1251).
139
Suppose -443 - 1483 = -6*i. Suppose 0 = -36*v + 39*v - i. What are the prime factors of v?
107
Let d(w) = -16*w + 14. Let k(r) = -33*r + 29. Let u(o) = -9*d(o) + 4*k(o). Let l be u(3). Suppose 5*n - l - 9 = 0. List the prime factors of n.
7
What are the prime factors of (-359)/((6 - 572/(-192)) + -9)?
2, 3, 359
List the prime factors of (34761/(-5))/((-309)/515).
11587
Suppose 4*g - 4*u = 36080, -5*g + 5413*u + 45108 = 5412*u. What are the prime factors of g?
2, 13, 347
Let k(d) = 6*d**3 - 4*d**2 + 5*d + 4. Let g(o) = 2*o + 11. Let j be g(-4). Let z be k(j). Let n = -100 + z. What are the prime factors of n?
3, 5
Let x be 2/(-4) - ((-91)/14 - -6). Let t(s) = 2*s. Let k be t(x). Suppose -8*c + 5*c + 57 = k. List the prime factors of c.
19
Suppose -3*d = -z + 2, -5*d - 6 = -3*z - 0*d. Suppose -232 = -z*r + 3*k, 2*r + 3*k - 216 - 28 = 0. What are the prime factors of r?
7, 17
Let w be (-5)/3 + 1 - (-15220)/15. Suppose 9*k = 12*k - w. Let l = k - 224. What are the prime factors of l?
2, 3, 19
Suppose -4*w = -4*s + 16, 5*s - 7 = 3*w - 3. Let v(k) = -10*k**2 - 87*k - 25. List the prime factors of v(w).
31
Suppose -2*w = 0, 0 = 2*b + 2*w + 6 - 16. Suppose -3*i = -3, -2*x - i + 5*i = 4. Suppose 63 = k - 5*t, x = 4*k - b*t - 178 - 149. List the prime factors of k.
2, 11
Suppose 4080 = 3*h - 4*c, -h + 0*c - 3*c + 1373 = 0. Suppose -7*u + 2*u = -p - h, u - p - 276 = 0. List the prime factors of u.
2, 17
Suppose 11564 = 18*f - 21214. Suppose -267 - f = -9*r. What are the prime factors of r?
2, 29
Let c be 2 - 2 - (-24)/(-6) - 1. Let d(o) = -4*o**2 - 10*o + 6. Let p(x) = 5*x**2 + 10*x - 6. Let r(u) = c*p(u) - 6*d(u). What are the prime factors of r(5)?
19
Suppose -d - l = -55205, 3*d + 75*l - 74*l - 165629 = 0. What are the prime factors of d?
2, 3, 43, 107
Suppose 20*z + 400*z + 21*z - 10485657 = 0. What are the prime factors of z?
13, 31, 59
Suppose 3*x + 112 = 10*x. Let a(u) = u**2 - 16*u + 2. Let i be a(x). Suppose i*y - 7*y + 355 = 0. List the prime factors of y.
71
Let a = 1620 - 2325. Let c = -419 - a. What are the prime factors of c?
2, 11, 13
Let r = -3468 + 30620. List the prime factors of r.
2, 1697
Suppose 4*z - 2*w - 41998 = 0, 30*w + 10489 = z + 33*w. What are the prime factors of z?
2, 29, 181
Let t = 6281 + -3077. List the prime factors of t.
2, 3, 89
Let n be (-15)/10 - 95/(-2). Suppose 0 = -49*s + n*s + 336. List the prime factors of s.
2, 7
Let a = 7156 + 24125. What are the prime factors of a?
3, 10427
Suppose -5*y + 30559 = -v - 7277, 0 = 2*y - v - 15135. What are the prime factors of y?
7, 23, 47
Suppose -112*y + 125*y = 5993. List the prime factors of y.
461
Suppose r + 5*j - 6*j + 119 = 0, 5*j - 238 = 2*r. Let d = r + 240. What are the prime factors of d?
11
Let p = -5872 - -20887. List the prime factors of p.
3, 5, 7, 11, 13
Let b(z) = 4*z**2 - 4*z + 1. Let u be b(1). Let q = u - -5. Suppose -q*i + 260 = -172. List the prime factors of i.
2, 3
Let w(n) = -n**3 + 12*n**2 - 5*n + 1. Let v be w(12). Let k = 55 + v. What are the prime factors of 14/(-56) + (-25)/k?
2, 3
Let i = 9880 + -9894. Let v(a) = -3*a + 14 + 30 - 6*a. What are the prime factors of v(i)?
2, 5, 17
Suppose -4*w = -4*u - 988 - 16, 263 = w + 3*u. Suppose 314 = p - w. List the prime factors of p.
2, 71
Suppose -21147 = -5*w - 4*m, -4*w + 8457 = -2*w + m. List the prime factors of w.
3, 1409
Suppose 18 + 22 = -4*z + 5*m, 0 = z + 3*m - 7. Let a(k) be the third derivative of -7*k**4/12 + 2*k**3 + 975*k**2. List the prime factors of a(z).
2, 41
Let m = 10659 + -875. What are the prime factors of m?
2, 1223
Suppose -c + 1572 + 812 = -4030. What are the prime factors of c?
2, 3, 1069
Suppose -10*u = -8*u - 30. Let k be 5 + 0*(-3)/u. Suppose k*i + 92 = 9*i. List the prime factors of i.
23
Suppose 5*d = 3*g + 51, 0 = -g + 3*d - 13. What are the prime factors of (g/6 - -4)*9?
3
Let o(w) = 24*w**3 + 3*w**2 - 3*w + 5. Let k be o(2). Suppose -209*g = -k*g - 6546. List the prime factors of g.
1091
Let z(d) = -d**2 - 3*d + 8. Let n be z(-4). Suppose 0 = 3*h + 3*w - 57, n*h - 4*w = 2*h + 20. Suppose 110 = 2*k - h. What are the prime factors of k?
3, 7
What are the prime factors of 31*-810*4/((-56)/7)?
3, 5, 31
Let f(i) = 2*i**2 - 14*i + 26. Let v be f(15). Let m = v - 87. What are the prime factors of m?
179
Suppose 21*w - 3*w - 54 = 0. Suppose j - 30 = -3*d - 6, w*d - 6 = j. List the prime factors of j.
3
Suppose -3*l = -5*h + 98641, 21*h + 98627 = 26*h + 4*l. List the prime factors of h.
19727
Let d(c) = 94*c**2 - 17*c + 147. Let u be d(5). Suppose 1203*y = 1200*y + u. List the 